 4*i = -p - 656, 9*i + 656 = 5*i - 2*p. Let t = i - -325. Let o = -103 + t. What are the prime factors of o?
2, 29
Let j = -4091 + 7631. List the prime factors of (2/(-4))/((35/j)/(-7)).
2, 3, 59
Let v be (3/5)/((-15)/(-2 + -223)). Suppose 981 + 3267 = v*z. What are the prime factors of z?
2, 59
Let y(x) = 6*x + 184. Suppose -261*p + 244*p = 0. List the prime factors of y(p).
2, 23
Let k be (-24)/(-84) - 816/14. Let p = 60 + k. Suppose 3*s + p*s = 360. List the prime factors of s.
2, 3
Let x(z) = -z**2 - 24*z - 158. Let w be x(-10). Suppose v = c + 3*c + 17, 4*c = -16. List the prime factors of v/((-5)/w) + (-6)/(-15).
2
Suppose 0 = 2*p + 4*p - 12. Suppose -p*c + 20*c = 90. Suppose c*v - 2*v - 5*u = 249, -u - 173 = -2*v. What are the prime factors of v?
2, 11
What are the prime factors of -3 - (-5 - 93)/(4/206)?
2, 13, 97
Suppose 3*r = 8*r - 335. Let i = -64 + r. Suppose -5*z = 4*o + 52 - 361, 9 = -i*z. List the prime factors of o.
3
Let x be -1 + (5525/(-45) - 4/18). Let s = 265 + x. Let t = -35 + s. List the prime factors of t.
2, 53
Let u be (-3280)/(-60)*(-26)/(-3)*9. Suppose 14*y = u + 2946. What are the prime factors of y?
5, 103
Suppose 2*p - 51 = -5*b + 179, 3*b + 2*p - 138 = 0. Suppose 0 = -96*f + 100*f + 64. Let k = b + f. What are the prime factors of k?
2, 3, 5
Let m be (30/(-8))/5 + 44612/(-16). Let i = m + 4285. Suppose 2*z - 10*z = -i. List the prime factors of z.
11, 17
Let q(k) = -k**2 + 209*k + 601. What are the prime factors of q(71)?
10399
Suppose 0 = -4*y + 21824 + 28496. Suppose -27*m + 7*m + y = 0. What are the prime factors of m?
17, 37
Suppose 6*z = -60 - 24. Let b(w) = -35*w + 25. List the prime factors of b(z).
5, 103
Suppose -1179314 = -29*z - 468002. Suppose -234*a + 222*a = -z. What are the prime factors of a?
2, 7, 73
Let p be (29097/(-122))/(1/(-2)). Suppose 11050 = -460*y + p*y. What are the prime factors of y?
2, 5, 13
Let r = 147 - 124. Suppose 0 = -r*v + 6704 - 1690. What are the prime factors of v?
2, 109
Suppose -l + 1712 = -8473. Suppose 10*y = -5*y + l. What are the prime factors of y?
7, 97
Let j = 3067 + 85. Suppose 22*m = 18*m + j. List the prime factors of m.
2, 197
Let k(a) = 11*a + 5*a - 21 + 27*a. Suppose -c + 23 = 4*h - 0*c, -h - 5*c + 20 = 0. What are the prime factors of k(h)?
2, 97
Let k(f) = f**2 - 35*f - 4257. What are the prime factors of k(-101)?
9479
Let w(c) be the second derivative of c**5/20 - 3*c**4/2 - 4*c**3/3 - 53*c**2/2 - 2*c - 6. List the prime factors of w(19).
2, 3, 13
Let a(h) = -4*h**3 - 6*h**2 - 2*h + 14. Suppose 2*m + 4*w = -14, 5*w + 25 = -9*m + 4*m. What are the prime factors of a(m)?
2, 37
Let g be (-1 - -1) + (-2 - 3 - -2). Let t be 178 - 9*(-1)/g. Let k = t - 83. List the prime factors of k.
2, 23
Let f(o) = -14*o - 2. Let x be f(5). Let b = 84 + x. Suppose b*m - 316 = 8*m. What are the prime factors of m?
79
Suppose 22*q - 2935 = -97. Let d = q - 24. What are the prime factors of d?
3, 5, 7
Let a(l) = 564*l + 431. List the prime factors of a(40).
83, 277
Suppose 9825 = 4*m - o, -5*o + 6327 = -4*m + 16156. What are the prime factors of m?
2, 307
Let i = 0 - -5. Suppose i*l - 171 = 2*l. Suppose 3*v = h - 27, l = -0*h + h + 3*v. What are the prime factors of h?
2, 3, 7
Let l be 92/2 + -3 - 2. Suppose 2*t - 174 = -w, 5*t - 3*w = -w + 435. Let v = t - l. What are the prime factors of v?
2, 23
Let w = -5063 + 10597. List the prime factors of w.
2, 2767
Let h(x) = x**3 - 14*x**2 - 13*x - 36. Let q be h(15). Let z(p) = -2*p**3 - 6*p**2 - 2*p - 25. What are the prime factors of z(q)?
7, 29
Suppose -1 = -p - d, -d + 5 = 5*p - 0. Let k be (1/6 - (-321)/18)/p. What are the prime factors of (-48)/k*102/(-4)?
2, 17
Suppose 0 = -4*d + 3*u + 46437, d + 5*u - 817 = 10775. List the prime factors of d.
3, 53, 73
Suppose 153*b + 109 - 272 = 143. Let g be 35 - (-1)/1*2. Suppose 2*z - g = -5*u, -z - 11 = -b*z - 4*u. What are the prime factors of z?
31
Suppose -5*a - 372 = -37. Let k = 22 - a. Let d = 91 - k. List the prime factors of d.
2
Suppose -117*m + 25288 = -73839 + 23194. What are the prime factors of m?
11, 59
Let j(p) = 1335*p + 2018. List the prime factors of j(10).
2, 17, 113
Let q = 67 - 70. List the prime factors of 352 - q - (-15)/15.
2, 89
Let t = -21132 - -31969. What are the prime factors of t?
10837
Let p(b) = -240*b + 18. Let d(k) = 2*k - 4. Let j be d(1). List the prime factors of p(j).
2, 3, 83
Suppose -2*j = -2*s + 20, 7*j - 3*j + 5*s = 5. List the prime factors of 3010/(-28)*2/j.
43
Let f(w) = 2*w + 33. Let h be f(-14). Suppose 5*n = -h*c + 3*c + 1526, -5*c = -4*n + 1234. List the prime factors of n.
2, 3, 17
What are the prime factors of 240/150*((6 - 3) + (-26603)/(-4))?
2, 5323
Let u be 2*7/(-14)*3. List the prime factors of (-770)/(-15)*(-1 + 10 + u).
2, 7, 11
Let w(y) = y + 5. Suppose f - 14 = -2*r - f, 12 = r + 2*f. Let s be w(r). Let b(n) = -n**3 + 8*n**2 + n - 10. List the prime factors of b(s).
2, 23
Suppose -2210 = 33*p - 26069. Suppose -7*h + 292 = -p. List the prime factors of h.
5, 29
Let c = -29 + 19. Let d be (-8652)/35 - (-8)/c. What are the prime factors of d/(-6) - (-32)/48?
2, 3, 7
Let q be ((-40)/8 - -8)*(0 - -1). List the prime factors of (-6 + 101)*(q - 1).
2, 5, 19
Suppose -5307 = -h - 5*y, 5*y = -195*h + 192*h + 15911. What are the prime factors of h?
2, 11, 241
Suppose -2*u + 5*s = -8970, 8986 = -4*u + 6*u - s. Suppose 0 = 1135*i - 1140*i + u. What are the prime factors of i?
29, 31
Let m = 136 + -130. Suppose -992 = -2*i - m*i. Suppose l + j - i = 6*j, -l + 2*j + 112 = 0. What are the prime factors of l?
2, 13
Let u be 36*((-9)/(27/2))/(-2). Let f(o) = 2*o**2 - 11*o - 16. List the prime factors of f(u).
2, 5, 7
Let j(c) = -2*c**3 - 2*c**2 + 8*c - 2. Suppose 3*p + 6 = 5*g, 3*p - 8*p = -5*g. Let i be j(g). List the prime factors of (3 + (i - 3))/(-2).
5
Let r(l) = -48*l + 44. Let v be r(0). List the prime factors of (-104)/286 + 54532/v.
3, 7, 59
Let z(q) = -112*q**2 - 7*q + 9. Let x be z(2). Let d = 770 + x. What are the prime factors of d?
317
Let h = -512 - -518. Suppose -h*n + 2162 = -2512. What are the prime factors of n?
19, 41
Let j(o) = -762*o - 6222. List the prime factors of j(-45).
2, 3, 2339
Let d = 30372 - 2393. What are the prime factors of d?
7, 571
Suppose -60 = -27*l + 22*l. Let z be (1 + -8)*l/(-21). Suppose -1166 = -0*f - 5*f - 4*c, -z*f + 3*c + 908 = 0. What are the prime factors of f?
2, 5, 23
Suppose -2*u + 3*g = -28, -4*u + 3*g + 88 = u. Let f(z) = 10 + u*z + 13 - 28. What are the prime factors of f(5)?
5, 19
Let n = 185 - 170. Let d(u) = u**3 - 10*u**2 + 3*u - 4. List the prime factors of d(n).
2, 11, 53
Suppose -3*b + 0*u + u = 253, -3*b + 2*u - 251 = 0. Let x = -53 - b. Let f = 137 - x. What are the prime factors of f?
3, 5, 7
Let m(h) = 25*h**2 - h. Let q be m(4). Let a be q/(-8)*8/(-3). Suppose -4*s = -2*c + a, 5*c = -2*s - 0*s + 354. List the prime factors of c.
2, 5, 7
Let w be (39/(-4) - 5/20) + -1. What are the prime factors of 1 + 13/w + (-11394)/(-594)?
19
Suppose -5*b + 176 + 103 = 2*n, 2*n + 271 = 5*b. Suppose -122 = -2*f - 5*w + b, -452 = -5*f - 3*w. List the prime factors of f.
7, 13
Suppose 10*v - 3*v + 231 = 0. What are the prime factors of (-11)/(v/2) + 1396/3?
2, 233
Suppose -172*k + 2485340 = -54*k - 66*k. List the prime factors of k.
5, 11, 79
Let l = -7737 + 64267. What are the prime factors of l?
2, 5, 5653
Suppose 0 = 5*o - 5*w - 3222 + 322, -4*o - 3*w + 2292 = 0. Suppose 2*f - 4*r = o, 3 = -4*r - 1. What are the prime factors of f?
2, 11, 13
Let m(b) = -843*b**2 - b + 4. Let l be m(1). Let i = -39 - l. List the prime factors of i.
3, 89
Suppose -139669 = -87*f + 786050 + 1401183. What are the prime factors of f?
2, 43, 311
Let w be (1 - 0)/(10/70) + 0. Suppose w = -4*f - 9. What are the prime factors of f - 8*(-13)/2?
2, 3
Let w(p) = -2352*p + 49. List the prime factors of w(-12).
7, 577
Let q(n) = -476*n**3 + 3*n**2 + 22*n - 2. What are the prime factors of q(-3)?
23, 557
Let g(f) = 36*f + 17. Let j be g(7). Let r be -155 - (6 - (5 - 4)). Let t = r + j. What are the prime factors of t?
109
Let z be (-6)/(-3) - -390 - 3/(-1). Suppose 5*w + 407 = -t, 0*t = t + 2*w + z. Let l = -207 - t. List the prime factors of l.
2, 3, 5
Let b = 288 - 645. What are the prime factors of b/(-595) - 344/(-10)*